ber?
False
Let t(o) = -o**3 + 6*o**2 + 7*o + 2. Let z be t(7). Is z + -6 - -74 - 1/(-1) composite?
False
Let m be 8/(-1) - 1 - -3. Let b(i) = i + 3. Let h be b(m). Is ((-17)/(-1))/(h/(-57)) composite?
True
Let b(p) = 8*p**2 - 7*p - 10. Let q be (-2)/2 + (-80)/10. Is b(q) a composite number?
False
Let b = 1955 + -1124. Is b composite?
True
Let p(y) = 61*y**2 - 8*y - 4. Let c = -5 - 0. Is p(c) composite?
True
Let d(w) = 212*w - 27. Is d(12) composite?
True
Suppose 0 = -2*v + 5*w + 7798, v - 4*w = 1698 + 2201. Is v a composite number?
True
Suppose 5*v - 55000 = -5*p, 3*p = 5*v - 31749 - 23275. Is v a composite number?
False
Suppose 0 = 6*f - 8*f + 104. Suppose -49 = -s - 2*o, s - f = -o - 0*o. Is s prime?
False
Let s = 3 - -4. Let u = 6 - s. Is 3 - -29 - 3/u a prime number?
False
Let j = -2 - -5. Is (4 - -2387)*(-1)/((-9)/j) a composite number?
False
Let p = 94291 - 15542. Is p a prime number?
False
Suppose 4*k - 4*n - 10738 = -1106, 5*n - 9659 = -4*k. Is k a composite number?
False
Suppose -24 = 5*r - 4*m, -8 = 3*r + 4*m - 0. Is 2794/6 - r/12 a prime number?
False
Let b(c) be the third derivative of 7*c**5/20 + 5*c**4/24 + c**3/2 - 3*c**2. Is b(-4) prime?
False
Is (-2)/(-4)*2*(-4 + 1953) a composite number?
False
Let s = 202 + -349. Let o be (-4)/((-12)/159)*4. Let q = s + o. Is q composite?
True
Let v = -3 + 4. Let u(t) = 4*t**2. Let j be u(v). Suppose -5*s + 403 - 132 = j*d, -2*s = 4*d - 286. Is d composite?
True
Suppose 3*h = 4*k + 549, h - 3*k = 2*k + 172. Suppose -2*i + 380 = u, 2*u = -3*i + 2*i + h. Is i a composite number?
False
Let y(w) = -w**3 - 17*w**2 + 22*w - 30. Let l = -31 + 12. Is y(l) prime?
False
Let w = -10 - -10. Suppose f + w = -3. Is (f + -3)/3 + 215 composite?
True
Suppose -5*v = 5*c - 4000, 5*c - 2*v + 0*v = 3972. Suppose 4*u = 4*n - 296 + c, 5*n = u - 113. Let a = -73 + u. Is a a composite number?
True
Let u(c) = 63*c + 2. Let a(v) = 64*v + 3. Let b(r) = -7*a(r) + 6*u(r). Is b(-8) a composite number?
True
Let m be 0*(-1)/(-6)*3. Suppose m = -5*q - 5*k + 460, -4*k - 129 = -5*q + 358. Is q composite?
True
Let z(w) = w**3 - 8*w**2 - 16*w + 22. Let y be (10 + 1)*(7 + -6). Is z(y) composite?
True
Suppose f - 8 = -2*x - 3, 4*f = 4. Suppose -1155 = -i + x*k, 2*i - 3*k + 0*k - 2306 = 0. Is i composite?
True
Let q(l) = 28*l**2 + 11*l + 28. Is q(-5) a prime number?
True
Let p(c) = -93 + 184 + 17*c - 92. Let l = 11 + -7. Is p(l) a composite number?
False
Suppose -5*v = -3*b - 45, -2*v = -4*b - 0*b - 18. Is 30972/27 - 1/v composite?
True
Let m = -11786 + 20793. Is m prime?
True
Let b(d) = -d**3 + 6*d**2 - 6*d - 5. Let y be b(5). Let i = -13 - y. Is (1 - 1 - i) + 74 composite?
True
Suppose -5*k = -5*w + 219420, -8*w + 7*k = 8*k - 351063. Is w composite?
True
Suppose 0 = -3*s + 4*l - 19, -5*l + 6 = -2*s - 2. Let d be 4/4 - (1 + s). Suppose 5 = 2*r - d. Is r composite?
False
Let i = -5938 + 9384. Is i a prime number?
False
Is -7 - ((-14)/2 - 5039) a prime number?
True
Let j(q) = -q**3 - 10*q**2 - 6*q + 5. Let n be j(-11). Let r = n + 423. Suppose 4*p - 9*p + r = 0. Is p composite?
True
Let b(d) = 13*d**2 - 5*d - 1. Suppose 31*l - 110 = 26*l. Suppose -l*q = -27*q + 20. Is b(q) a prime number?
False
Let b = 5 + -9. Let l = 1 - b. Suppose -l*a - 2*m = -277, -89 = -2*a + 2*m + 19. Is a a composite number?
True
Let b(o) = -4579*o - 27. Is b(-2) prime?
False
Suppose 129 + 54 = w. Let h = w - -8. Is h prime?
True
Suppose -68 = j - 841. Suppose -5*c = -2*w + 527, -5*w + 2*w = -4*c - j. Is w a prime number?
True
Let y(c) be the first derivative of -12 - 6*c - 1/4*c**4 + 0*c**3 + c**2. Is y(-7) prime?
False
Let v be (-8)/(-2) + 4/(-4). Suppose -4 = -v*g + 14. Suppose 0 = -g*i + 3*i + 927. Is i a composite number?
True
Let x = -37 - -100. Let a = x - 39. Let p = a + -17. Is p a composite number?
False
Suppose 5*v = -f + 726, 0 = -9*f + 5*f + 2*v + 3014. Is f a composite number?
False
Suppose 0 = -5*q + 2*n - 3*n + 15596, -2*q + n = -6237. Is q a prime number?
True
Let h be (44/12)/((-3)/(-9)). Let b(v) = -v**3 + 6*v**2 - 17*v + 17. Let y(u) = u**3 - 7*u**2 + 16*u - 16. Let f(r) = -5*b(r) - 6*y(r). Is f(h) prime?
True
Let c(a) = a**2 - 19*a + 37. Let v(y) = -2*y**2 + 39*y - 74. Let g(w) = 5*c(w) + 2*v(w). Is g(17) composite?
False
Suppose 0 = -5*r - 9 - 41. Let y be ((-4)/r)/(4/(-740)). Let l = 171 + y. Is l composite?
False
Let d be (-4)/2 + 3*(-8)/(-4). Suppose d*x - 3595 = -x. Is x composite?
False
Suppose -2*t + 24 = -6. Is (t/10)/((-6)/(-452)) composite?
False
Suppose 17 = 3*r + 2. Suppose -i - 3061 = -r*b, -5*b = -i - 2*i - 3053. Is b a composite number?
False
Let l(v) = v**3 + v**2 + v. Let i(h) = 4*h**3 + 18*h**2 + 11*h. Let n(f) = -i(f) + 2*l(f). Is n(-13) a prime number?
False
Let t = -15 - -3. Let g be 4/6 + (-28)/t. Is ((-4)/g - 1)*-123 a prime number?
False
Let y(w) = w**2 - 18*w + 5. Let f be y(18). Suppose 0 = -5*x - 15, 4*x = f*b - x - 9340. Is b composite?
True
Let k(t) = -t**3 - 7*t**2 + 4. Let m = 50 - 63. Is k(m) a composite number?
True
Let i(k) = -7*k**3 - 4*k**2 + 5*k + 37. Is i(-5) prime?
True
Is 14*(-11)/(-539) + 125058/14 prime?
True
Let n(g) = 522*g**2 + 23*g - 13. Is n(-8) prime?
True
Let h be 2 + 4*(-2)/4. Let i be (-287)/2*-2 + h. Let v = i + -22. Is v a composite number?
True
Let f be 2/7 + (0 - (-6981)/(-7)). Let g = f - -2344. Is g prime?
False
Suppose 3*c - 1728 = 4*i + 1426, 3*c + 4*i = 3122. Suppose -4*k + 1020 = 5*o - 42, -3*o = -4*k + c. Is k prime?
True
Let v(s) = -s - 18. Let t be v(-18). Is 231 + t + 0 + 2 composite?
False
Let j(d) = 5158*d + 143. Is j(2) a composite number?
False
Suppose 5*q - 11 = -2*p, 0*q + 3*q - 3 = 0. Suppose p*b + 931 = 10*b. Is b prime?
False
Let l(r) = r**3 - 2*r**2 - 10*r + 8. Let f be l(4). Is f + (-348)/(-10) + 4/20 a prime number?
False
Let n = -4948 + 13237. Suppose 5*u - n = 2*v, -5804 = -3*u + 2*v - 829. Is u prime?
True
Let w(g) = 116*g - 2. Let m be w(1). Suppose 0 = 2*u - 172 - m. Is u prime?
False
Suppose -10*r + 61637 = -12673. Is r a prime number?
False
Suppose 2*f - 11 = -1. Suppose f*h - 3*t = 2*h - 12, 0 = -h + 4*t - 4. Is -2 - 242/h*2 a prime number?
False
Is 1641444/210 + 6/10 composite?
False
Suppose 0*k - 4*u - 482 = -2*k, 5*k + 5*u - 1160 = 0. Suppose -5*l - k = -11*f + 6*f, -f + 5*l + 47 = 0. Is f a composite number?
False
Let u(n) be the first derivative of 77*n**2/2 - 8*n + 3. Is u(3) a prime number?
True
Suppose 5*o + 4*s = -1897, s - 1097 = 5*o + 785. Let v be o/(-1) + 5 + -1. Suppose 12*b - 9*b = v. Is b composite?
False
Let i be (-3)/(-3) + (1 - -1). Suppose 0 = 2*u - 4*m + 250, 12 = -i*m - 0. Let l = -56 - u. Is l composite?
True
Suppose 5*w - 25 = -c, 2*w = -c - c + 10. Suppose 0 = 3*g - c*g. Is (2/8 + g)*76 prime?
True
Let m = -16547 - -70506. Is m composite?
False
Let k = 9832 - 6239. Is k prime?
True
Let h = 2489 - 1338. Is h a composite number?
False
Let l(r) = -70*r + 6. Let z be l(4). Let k = z + 158. Is k*4/(-8) + -3 a prime number?
False
Suppose 7 = 3*i + 4, -i - 11 = -2*l. Let q = -7 + l. Let d(o) = 83*o**2. Is d(q) composite?
False
Suppose 0 = -u + 5*s - 1517 + 6633, -20539 = -4*u + 5*s. Is u composite?
True
Let j(d) = -2*d**3 + d**2 - 18*d - 14. Let x be j(9). Let q = x - -2252. Is q a composite number?
True
Let w(b) = 1 + 7*b - 2*b + b. Is w(9) a prime number?
False
Let l = 897 + 2354. Is l a composite number?
False
Suppose 2*r + 12 = 4*o, 0 = -r - 5*o + 16 + 13. Suppose 3*d = r*d - 95. Is d composite?
True
Let v be (6 - 3 - -142) + -2. Let b = 812 - v. Is b composite?
True
Suppose -x + 3*n + 0*n = -667, 5*x = -n + 3415. Suppose -2*f + 840 = -x. Is f composite?
False
Let u(m) = 1. Let k(x) = -62*x - 67. Let j(p) = -k(p) - 2*u(p). Is j(15) prime?
False
Let f(k) = 14*k**2 + 11*k - 5. Let j be f(7). Suppose 5*g - 5473 + j = 0. Is g prime?
False
Suppose 284 - 1345 = f - z, 2*z = 2. Let s be f/9 + (-12)/54. Let d = 37 - s. Is d composite?
True
Is (77 + 12)*(-4 + 131) a composite number?
True
Suppose -13*q - 1 = -14. Is (q*-89)/((-11)/121) prime?
False
Let f(q) = q**2 - 4*q + 2. Let z be f(2). Let v be 25/(-10)*(z + 6). Is 2/v + (-6692)/(-35) a composite number?
False
Let b be -74 + 5 + (0 - 0). Let t = -32 - b. Is t a composite number?
False
Let k(g) be the first derivative of 1423*g**2/2 + 15*g - 13. Is k(2) a prime number?
True
Let m = 3 +